 4?
72a3
In base 6, what is -3215 + 54?
-3121
In base 11, what is -4a - 615?
-664
In base 11, what is -43 - -3aa7?
3a64
In base 10, what is 3128 - 24?
3104
In base 13, what is 8 + 12a3?
12ab
In base 13, what is -52b - -1b?
-510
In base 10, what is -1788 - 52?
-1840
In base 2, what is -1011000 - -1010100010110?
1010010111110
In base 4, what is -3 + -33020003?
-33020012
In base 16, what is 5f6 + 3d?
633
In base 2, what is -11011000100100 - -11?
-11011000100001
In base 8, what is -52176 - 73?
-52271
In base 7, what is 104 + -311254?
-311150
In base 6, what is -11200 + 0?
-11200
In base 6, what is -2 + 1000232?
1000230
In base 8, what is -2040756 + -2?
-2040760
In base 8, what is 40460 + 2?
40462
In base 15, what is 3 + -8ba0?
-8b9c
In base 11, what is 1a - -1330?
134a
In base 10, what is 140301 - 9?
140292
In base 10, what is 0 - 232?
-232
In base 5, what is 0 + 211210322?
211210322
In base 5, what is -1240400 + 1?
-1240344
In base 7, what is 3530 - 45?
3452
In base 6, what is -14514 - -3210?
-11304
In base 6, what is -3 + 3115115?
3115112
In base 6, what is 120 + 11520?
12040
In base 4, what is -3 - 1111203?
-1111212
In base 8, what is 1040271 - -5?
1040276
In base 5, what is 23 + 10033434?
10034012
In base 10, what is -4 - -14284?
14280
In base 2, what is -11 - -10111001100000011101?
10111001100000011010
In base 3, what is -10122102112 - -2?
-10122102110
In base 7, what is 12056 + -534?
11222
In base 11, what is -460 - -389?
-82
In base 7, what is 134 + 2544?
3011
In base 15, what is d3 - 2d?
a5
In base 2, what is 111010000000110000 - 1?
111010000000101111
In base 15, what is 672 - 1?
671
In base 14, what is -b + 83b?
830
In base 16, what is 2c887 + 0?
2c887
In base 13, what is -1c482 - -4?
-1c47b
In base 11, what is 343a9 + 0?
343a9
In base 6, what is 312531 - 34?
312453
In base 11, what is 4 + 7747?
7750
In base 10, what is -43 - 345?
-388
In base 8, what is -15633 - 4?
-15637
In base 10, what is 2 - -347790?
347792
In base 7, what is -1421 + -106?
-1530
In base 16, what is 1a3 + -50?
153
In base 15, what is 1 - 3e87?
-3e86
In base 3, what is 2120 + -2120?
0
In base 16, what is -14 + 4f0?
4dc
In base 3, what is 21110220212 - 1?
21110220211
In base 8, what is 134232 - -3?
134235
In base 15, what is a43 + -2d?
a15
In base 14, what is 105973 + 4?
105977
In base 8, what is -1236 - -671?
-345
In base 4, what is -13 + 133201?
133122
In base 8, what is 6434 + 177?
6633
In base 11, what is 3 - 559853?
-559850
In base 16, what is 3 + -19c6b?
-19c68
In base 14, what is -2 + -6548?
-654a
In base 3, what is 20202 - 10100?
10102
In base 15, what is 1 - 2e5?
-2e4
In base 7, what is 5462 + 2?
5464
In base 5, what is -223322 + -3?
-223330
In base 15, what is -1b083 - -29?
-1b059
In base 7, what is -3036666 - -12?
-3036654
In base 14, what is -1 + -44030?
-44031
In base 8, what is -3 + -420443?
-420446
In base 16, what is -1 - 13b91?
-13b92
In base 15, what is -575 + -2e?
-5a4
In base 13, what is -210 + 70?
-170
In base 11, what is -262 - 155?
-407
In base 4, what is 3022 + 10?
3032
In base 16, what is -181b - -5ea?
-1231
In base 13, what is -41 + 132?
c1
In base 12, what is -3b38 - -1?
-3b37
In base 2, what is -110110001 - 11100?
-111001101
In base 13, what is c41 + 12?
c53
In base 12, what is 112b8 + 4?
11300
In base 13, what is 18a - -b3?
270
In base 13, what is 2 - -755b?
7560
In base 5, what is 110 + -122033?
-121423
In base 2, what is 10000000001010010011 - 10?
10000000001010010001
In base 10, what is 5 - -108232?
108237
In base 5, what is -3331 - -123?
-3203
In base 6, what is 3 + 1550342?
1550345
In base 8, what is -2 - -3373?
3371
In base 3, what is 10202 - 112112002?
-112101100
In base 16, what is 32de + 0?
32de
In base 2, what is 110100101000 - -100000000?
111000101000
In base 12, what is 4 - a8268?
-a8264
In base 4, what is 2223020 - -301?
2223321
In base 5, what is 14242 - 33?
14204
In base 3, what is 1101222 + 222001?
2101000
In base 5, what is -1 + -1233412?
-1233413
In base 15, what is 4b681 - 5?
4b67b
In base 11, what is 98 - 1032?
-a45
In base 7, what is -3 - 6604010?
-6604013
In base 10, what is -56 - 1955?
-2011
In base 3, what is -220 + 122111?
121121
In base 6, what is 11 - -21334?
21345
In base 11, what is 22 - -20a?
231
In base 4, what is 21101 - -22312?
110013
In base 12, what is -2203 - -2?
-2201
In base 10, what is 19 - 61?
-42
In base 16, what is -85fc + -1a?
-8616
In base 8, what is 1166 - 6175?
-5007
In base 9, what is 14 - -216575?
216600
In base 6, what is -241533 - 4?
-241541
In base 2, what is 1110001010011 + -10100?
1110000111111
In base 14, what is -1 + 4a7a?
4a79
In base 10, what is 440 - -5263?
5703
In base 2, what is 11 - 10001010000010111?
-10001010000010100
In base 4, what is 222213 - -210233?
1033112
In base 12, what is 4 + 2433?
2437
In base 11, what is -4 - 72914?
-72918
In base 14, what is -3a + 2c6?
28a
In base 11, what is 8440 - 4?
8437
In base 11, what is 94 - 633?
-54a
In base 15, what is -1722 + 1e?
-1703
In base 10, what is -3 - -2549?
2546
In base 8, what is 402647 - -3?
402652
In base 3, what is 21001 - 1021?
12210
In base 14, what is -1c5cc + 1?
-1c5cb
In base 5, what is -1432 - -311?
-1121
In base 15, what is 16 - -1a95b?
1a972
In base 8, what is -5 + 1372?
1365
In base 8, what is 26604 + 1?
26605
In base 4, what is 103 + 1020221?
1020330
In base 8, what is -3 - 13045?
-13050
In base 9, what is -27 - -177702?
177664
In base 15, what is 11 - 34aa?
-3499
In base 13, what is 5 - 17a1?
-1799
In base 10, what is 778 + 64?
842
In base 11, what is 5a9 - -13?
611
In base 9, what is 1111 + -27?
1073
In base 15, what is 4 + -513?
-50e
In base 9, what is -2 - -1463602?
1463600
In base 12, what is 44053 + 0?
44053
In base 5, what is -10 + 10320300?
10320240
In base 16, what is -ea26 - 7?
-ea2d
In base 12, what is 191a - -1?
191b
In base 5, what is -2 + -3312330?
-3312332
In base 9, what is 210181 + -4?
210176
In base 12, what is -186 - -78?
-10a
In base 14, what is 29d6d9 + -4?
29d6d5
In base 13, what is -c965 + -4?
-c969
In base 7, what is -21 - 143426?
-143450
In base 16, what is 3c8 - -3b?
403
In base 10, what is -313 - -89?
-224
In base 13, what is 8109a - 3?
81097
In base 10, what is -83600 - -1?
-83599
In base 10, what is -866 + 468?
-398
In base 12, what is -11240bb + -1?
-1124100
In base 6, what is 10 - 14305131?
-14305121
In base 7, what is 32212 + -1066?
31113
In base 7, what is 334 - 5410?
-5043
In base 5, what is -12433 - 333?
-13321
In base 9, what is -27076 - 2?
-27078
In base 11, what is -6aaa + 3?
-6aa7
In base 2, what is 0 + 100010001100?
100010001100
In base 7, what is 225102 + 44?
225146
In base 6, what is 23543111 + -5?
23543102
In base 13, what is -3977 + -58?
-3a02
In base 13, what is -117430 - -1?
-11742c
In base 14, what is 5 + -31194?
-3118d
In base 16, what is 7 + -1cf0?
-1ce9
In base 10, what is -10413 - 1?
-10414
In base 6, what is 105205 + -405?
104400
In base 6, what is 10431 + 12033?
22504
In base 14, what is 1b4b + -a?
1b41
In base 5, what is -20123 + 200?
-14423
In base 5, what is 1 + -222141220?
-222141214
In base 5, what is 34330441 + 3?
34330444
In base 4, what is -21 + 30221310?
30221223
In base 7, what is 1004 - -625?
1632
In base 4, what is -1 - -2333331?
2333330
In base 5, what is -311041 + -11?
-311102
In base 16, what is dc40 + 5?
dc45
In base 11, what is 246a7 + 40?
24737
In base 5, what is -10 - 1204100?
-1204110
In base 2, what is 100 + -1111000100111011?
-1111000100110111
In base 12, what is -3 + 6243b1?
6243aa
In base 7, what is 1230011 - 10?
1230001
In base 13, what is -12a39 + 1?
-12a38
In base 8, what is -57240 - -16?
-57222
In base 9, what is -15521 + -1?
-15522
In base 7, what is 3065 + -53?
3012
In base 13, what is -4 + 178c4?
178c0
In base 16, what is -21 - -37?
16
In base 2, what is 10100010 - -10?
10100100
In base 13, what is 216b + 26b?
2409
In base 5, what is -10 + 1244?
1234
In base 3, what is 1020 - -1200100?
1201120
In base 2, what is 1101 + -1001010011001001011?
-1001010011000111110
In base 13, what is -28a66 - -1?
-28a65
In base 5, what is 100213213 + 2?
100213220
In base 15, what is 6 - -c425?
c42b
In base 15, what is 2 + -153a?
-1538
In base 10, what is 6110962 - -2?
6110964
In base 6, what is -24 + 22110?
22042
In base 16, what is -c92 + -e9?
-d7b